{"id":13114,"date":"2020-07-27T09:14:09","date_gmt":"2020-07-27T09:14:09","guid":{"rendered":"https:\/\/escolasdobidos.com\/?page_id=13114"},"modified":"2026-05-07T08:18:46","modified_gmt":"2026-05-07T08:18:46","slug":"caf","status":"publish","type":"page","link":"https:\/\/escolasdobidos.com\/website\/caf\/","title":{"rendered":"AutoAvalia\u00e7\u00e3o do Agrupamento"},"content":{"rendered":"\t\t<div data-elementor-type=\"wp-page\" data-elementor-id=\"13114\" class=\"elementor elementor-13114\" data-elementor-settings=\"{&quot;ha_cmc_init_switcher&quot;:&quot;no&quot;}\" data-elementor-post-type=\"page\">\n\t\t\t\t\t\t<section class=\"elementor-section elementor-top-section elementor-element elementor-element-2864ec8c elementor-section-boxed elementor-section-height-default elementor-section-height-default\" data-id=\"2864ec8c\" data-element_type=\"section\" data-e-type=\"section\" data-settings=\"{&quot;_ha_eqh_enable&quot;:false}\">\n\t\t\t\t\t\t<div class=\"elementor-container elementor-column-gap-default\">\n\t\t\t\t\t<div class=\"elementor-column elementor-col-100 elementor-top-column elementor-element elementor-element-296c1e7f\" data-id=\"296c1e7f\" data-element_type=\"column\" data-e-type=\"column\">\n\t\t\t<div class=\"elementor-widget-wrap elementor-element-populated\">\n\t\t\t\t\t\t<div class=\"elementor-element elementor-element-53166890 elementor-widget elementor-widget-text-editor\" data-id=\"53166890\" data-element_type=\"widget\" data-e-type=\"widget\" data-widget_type=\"text-editor.default\">\n\t\t\t\t<div class=\"elementor-widget-container\">\n\t\t\t\t\t\t\t\t\t<p><a href=\"https:\/\/escolasdobidos.com\/website\/wp-content\/uploads\/2026\/05\/Relatorio-Avaliacao-Externa-maio-2015.pdf\">Relat\u00f3rio Avalia\u00e7\u00e3o Externa das Escolas &#8211; 2015<\/a><\/p><p><a href=\"https:\/\/escolasdobidos.com\/website\/wp-content\/uploads\/2026\/05\/AEJO_Relatorio_Autoavaliacao_CAF_2024_vf_072024.pdf\">Relat\u00f3rio AutoAvalia\u00e7\u00e3o CAF &#8211; 2024<\/a><\/p><p><a href=\"https:\/\/pt.calameo.com\/read\/000579863b2f83d81a6e4\">O que \u00e9 a<strong> CAF<\/strong>?<\/a><\/p><p><strong>2022\/2023 :<\/strong> <\/p><\/div><\/div><\/div><\/div><\/div><\/section><\/div> <a href=\"https:\/\/escolasdobidos.com\/website\/caf\/#more-13114\" class=\"more-link elementor-more-link\"><span aria-label=\"Continue a ler AutoAvalia\u00e7\u00e3o do Agrupamento\">(mais&hellip;)<\/span><\/a>","protected":false},"excerpt":{"rendered":"<p>Relat\u00f3rio Avalia\u00e7\u00e3o Externa das Escolas &#8211; 2015 Relat\u00f3rio AutoAvalia\u00e7\u00e3o CAF &#8211; 2024 O que \u00e9 a CAF? 2022\/2023 :<\/p>\n","protected":false},"author":13,"featured_media":0,"parent":0,"menu_order":0,"comment_status":"closed","ping_status":"closed","template":"","meta":{"footnotes":""},"class_list":["post-13114","page","type-page","status-publish","hentry"],"_links":{"self":[{"href":"https:\/\/escolasdobidos.com\/website\/wp-json\/wp\/v2\/pages\/13114","targetHints":{"allow":["GET"]}}],"collection":[{"href":"https:\/\/escolasdobidos.com\/website\/wp-json\/wp\/v2\/pages"}],"about":[{"href":"https:\/\/escolasdobidos.com\/website\/wp-json\/wp\/v2\/types\/page"}],"author":[{"embeddable":true,"href":"https:\/\/escolasdobidos.com\/website\/wp-json\/wp\/v2\/users\/13"}],"replies":[{"embeddable":true,"href":"https:\/\/escolasdobidos.com\/website\/wp-json\/wp\/v2\/comments?post=13114"}],"version-history":[{"count":16,"href":"https:\/\/escolasdobidos.com\/website\/wp-json\/wp\/v2\/pages\/13114\/revisions"}],"predecessor-version":[{"id":19312,"href":"https:\/\/escolasdobidos.com\/website\/wp-json\/wp\/v2\/pages\/13114\/revisions\/19312"}],"wp:attachment":[{"href":"https:\/\/escolasdobidos.com\/website\/wp-json\/wp\/v2\/media?parent=13114"}],"curies":[{"name":"wp","href":"https:\/\/api.w.org\/{rel}","templated":true}]}}