{"id":7707,"date":"2016-09-09T15:32:19","date_gmt":"2016-09-09T15:32:19","guid":{"rendered":"http:\/\/escolasdobidos.com\/website\/?page_id=7707"},"modified":"2026-02-02T15:34:24","modified_gmt":"2026-02-02T15:34:24","slug":"complexo-escolar-do-furadouro","status":"publish","type":"page","link":"https:\/\/escolasdobidos.com\/website\/complexo-escolar-do-furadouro\/","title":{"rendered":"Escola B\u00e1sica do Furadouro"},"content":{"rendered":"\t\t<div data-elementor-type=\"wp-page\" data-elementor-id=\"7707\" class=\"elementor elementor-7707\" data-elementor-settings=\"{&quot;ha_cmc_init_switcher&quot;:&quot;no&quot;}\" data-elementor-post-type=\"page\">\n\t\t\t\t\t\t<section class=\"elementor-section elementor-top-section elementor-element elementor-element-25a976a8 elementor-section-boxed elementor-section-height-default elementor-section-height-default\" data-id=\"25a976a8\" data-element_type=\"section\" data-e-type=\"section\" data-settings=\"{&quot;_ha_eqh_enable&quot;:false}\">\n\t\t\t\t\t\t<div class=\"elementor-container elementor-column-gap-default\">\n\t\t\t\t\t<div class=\"elementor-column elementor-col-100 elementor-top-column elementor-element elementor-element-6098d2f2\" data-id=\"6098d2f2\" data-element_type=\"column\" data-e-type=\"column\">\n\t\t\t<div class=\"elementor-widget-wrap elementor-element-populated\">\n\t\t\t\t\t\t<div class=\"elementor-element elementor-element-6166bed elementor-widget elementor-widget-image\" data-id=\"6166bed\" data-element_type=\"widget\" data-e-type=\"widget\" data-widget_type=\"image.default\">\n\t\t\t\t<div class=\"elementor-widget-container\">\n\t\t\t\t\t\t\t\t\t\t\t\t\t\t\t<img fetchpriority=\"high\" decoding=\"async\" width=\"400\" height=\"266\" src=\"https:\/\/escolasdobidos.com\/website\/wp-content\/uploads\/2024\/03\/furadouro_1_1024_2500.jpg\" class=\"attachment-large size-large wp-image-16643\" alt=\"\" srcset=\"https:\/\/escolasdobidos.com\/website\/wp-content\/uploads\/2024\/03\/furadouro_1_1024_2500.jpg 400w, https:\/\/escolasdobidos.com\/website\/wp-content\/uploads\/2024\/03\/furadouro_1_1024_2500-300x200.jpg 300w\" sizes=\"(max-width: 400px) 100vw, 400px\" \/>\t\t\t\t\t\t\t\t\t\t\t\t\t\t\t<\/div>\n\t\t\t\t<\/div>\n\t\t\t\t<div class=\"elementor-element elementor-element-1eefd50f elementor-widget elementor-widget-text-editor\" data-id=\"1eefd50f\" data-element_type=\"widget\" data-e-type=\"widget\" data-widget_type=\"text-editor.default\">\n\t\t\t\t<div class=\"elementor-widget-container\">\n\t\t\t\t\t\t\t\t\t<p>Encarando a Escola como um espa\u00e7o central na defini\u00e7\u00e3o e concretiza\u00e7\u00e3o das estrat\u00e9gias de aprendizagem, o Munic\u00edpio de \u00d3bidos inaugurou, em setembro de 2010, a Escola B\u00e1sica do Furadouro e do Alvito, dando continuidade \u00e0 implementa\u00e7\u00e3o de um modelo educativo estruturado, dirigido aos alunos do 1.\u00ba e 2.\u00ba Ciclos do Ensino B\u00e1sico.<\/p><p>A Escola B\u00e1sica do Furadouro acolhe alunos provenientes das freguesias da Amoreira, Olho Marinho, Sobral da Lagoa e Vau. A Escola B\u00e1sica dos Arcos, inaugurada em setembro de 2008, em articula\u00e7\u00e3o com a Escola B\u00e1sica do Furadouro e do Alvito, assegura igualmente a resposta educativa aos alunos de toda a \u00e1rea do Concelho de \u00d3bidos.<\/p><p>A escola encontra-se equipada com recursos tecnol\u00f3gicos que apoiam o processo de ensino e aprendizagem, nomeadamente quadros interativos, computadores port\u00e1teis e acesso \u00e0 internet sem fios. Disp\u00f5e ainda de espa\u00e7os pedag\u00f3gicos diversificados, incluindo laborat\u00f3rios, sala de m\u00fasica, biblioteca e um centro de recursos, estrategicamente localizado junto ao \u00e1trio principal, facilitando a sua utiliza\u00e7\u00e3o pela comunidade educativa. Integra igualmente uma sala polivalente e de m\u00fasica, dotada de palco extens\u00edvel ao espa\u00e7o exterior.<\/p><p>Os espa\u00e7os destinados \u00e0 pr\u00e1tica desportiva incluem um pavilh\u00e3o gimnodesportivo, balne\u00e1rios e um campo de jogos exterior, constituindo um conjunto articulado de infraestruturas de apoio \u00e0s atividades curriculares e ao desenvolvimento f\u00edsico e social dos alunos.<\/p><p>Foi igualmente refor\u00e7ada a aposta em equipas especializadas de apoio aos alunos, atrav\u00e9s do Gabinete de Apoio \u00e0 Fam\u00edlia, que assegura servi\u00e7os de avalia\u00e7\u00e3o e acompanhamento psicol\u00f3gico, terapia da fala, interven\u00e7\u00e3o pedag\u00f3gica, terapia familiar e aconselhamento parental. Este gabinete dinamiza ainda um Programa de Educa\u00e7\u00e3o Parental e um Programa de Atividades Culturais e Desportivas dirigidas \u00e0s fam\u00edlias.<\/p><p>Considerando os constrangimentos existentes no concelho ao n\u00edvel da sa\u00fade oral, nomeadamente a insuficiente resposta dos servi\u00e7os privados, \u00e9 desenvolvido um programa espec\u00edfico na \u00e1rea da sa\u00fade oral e alimentar, com o objetivo de promover h\u00e1bitos de vida saud\u00e1veis e prevenir a c\u00e1rie dent\u00e1ria, contribuindo para o bem-estar e a qualidade de vida das crian\u00e7as.<\/p><p>Em articula\u00e7\u00e3o com o ensino regular, s\u00e3o desenvolvidos diversos projetos de interven\u00e7\u00e3o em contexto de sala de aula e na comunidade educativa, destacando-se iniciativas no dom\u00ednio da criatividade, inova\u00e7\u00e3o educativa, express\u00e3o art\u00edstica e bem-estar, nomeadamente a F\u00e1brica da Criatividade (\u00d3bidos Anima, MyMachine, Story Centre e ateli\u00eas criativos), equipas educativas, yoga, m\u00fasica, atividades l\u00fadico-expressivas, ensino integrado da dan\u00e7a, programas de promo\u00e7\u00e3o do crescimento saud\u00e1vel, nata\u00e7\u00e3o e teatro, entre outros.<\/p><p style=\"text-align: justify;\">\u00a0<\/p><p style=\"font-size: 18px; line-height: 27px; color: #666666; font-family: 'Source Sans Pro', sans-serif;\"><strong style=\"font-size: 18px;\">Morada<\/strong>:<br \/>Estrada Nacional 114, S\/N Furadouro,<br \/>2510-425 Amoreira<\/p><p style=\"font-size: 18px; line-height: 27px; color: #666666; font-family: 'Source Sans Pro', sans-serif;\"><strong style=\"font-size: 18px;\">Telefone<\/strong>: 262 969 797<\/p><p style=\"font-size: 18px; line-height: 27px; color: #666666; font-family: 'Source Sans Pro', sans-serif;\"><strong style=\"font-size: 18px;\">Localiza\u00e7\u00e3o<\/strong>\u00a0(<a style=\"font-size: 18px;\" href=\"https:\/\/www.google.pt\/maps\/place\/Complexo+Escolar+do+Furadouro\/@39.3413196,-9.2208262,813m\/data=!3m2!1e3!4b1!4m5!3m4!1s0xd1f4b113d48dc0f:0x7320e772e4764575!8m2!3d39.3413155!4d-9.2186375?hl=pt-PT\" target=\"_blank\" rel=\"noreferrer noopener\">ver no mapa<\/a>):<br \/>Longitude: 39.341506<br \/>Latitude: \u00a0-9.218659<\/p>\t\t\t\t\t\t\t\t<\/div>\n\t\t\t\t<\/div>\n\t\t\t\t\t<\/div>\n\t\t<\/div>\n\t\t\t\t\t<\/div>\n\t\t<\/section>\n\t\t\t\t<\/div>\n\t\t","protected":false},"excerpt":{"rendered":"<p>Encarando a Escola como um espa\u00e7o central na defini\u00e7\u00e3o e concretiza\u00e7\u00e3o das estrat\u00e9gias de aprendizagem, o Munic\u00edpio de \u00d3bidos inaugurou, em setembro de 2010, a Escola B\u00e1sica do Furadouro e do Alvito, dando continuidade \u00e0 implementa\u00e7\u00e3o de um modelo educativo estruturado, dirigido aos alunos do 1.\u00ba e 2.\u00ba Ciclos do Ensino B\u00e1sico. A Escola B\u00e1sica&hellip; <br \/> <a class=\"button small blue\" href=\"https:\/\/escolasdobidos.com\/website\/complexo-escolar-do-furadouro\/\">Read more<\/a><\/p>\n","protected":false},"author":13,"featured_media":0,"parent":0,"menu_order":0,"comment_status":"closed","ping_status":"closed","template":"","meta":{"footnotes":""},"class_list":["post-7707","page","type-page","status-publish","hentry"],"_links":{"self":[{"href":"https:\/\/escolasdobidos.com\/website\/wp-json\/wp\/v2\/pages\/7707","targetHints":{"allow":["GET"]}}],"collection":[{"href":"https:\/\/escolasdobidos.com\/website\/wp-json\/wp\/v2\/pages"}],"about":[{"href":"https:\/\/escolasdobidos.com\/website\/wp-json\/wp\/v2\/types\/page"}],"author":[{"embeddable":true,"href":"https:\/\/escolasdobidos.com\/website\/wp-json\/wp\/v2\/users\/13"}],"replies":[{"embeddable":true,"href":"https:\/\/escolasdobidos.com\/website\/wp-json\/wp\/v2\/comments?post=7707"}],"version-history":[{"count":6,"href":"https:\/\/escolasdobidos.com\/website\/wp-json\/wp\/v2\/pages\/7707\/revisions"}],"predecessor-version":[{"id":18651,"href":"https:\/\/escolasdobidos.com\/website\/wp-json\/wp\/v2\/pages\/7707\/revisions\/18651"}],"wp:attachment":[{"href":"https:\/\/escolasdobidos.com\/website\/wp-json\/wp\/v2\/media?parent=7707"}],"curies":[{"name":"wp","href":"https:\/\/api.w.org\/{rel}","templated":true}]}}