{"id":7723,"date":"2016-09-09T15:41:15","date_gmt":"2016-09-09T15:41:15","guid":{"rendered":"http:\/\/escolasdobidos.com\/website\/?page_id=7723"},"modified":"2016-09-12T16:12:07","modified_gmt":"2016-09-12T16:12:07","slug":"jardim-de-infancia-de-a-dos-negros","status":"publish","type":"page","link":"https:\/\/escolasdobidos.com\/website\/jardins-de-infancia\/jardim-de-infancia-de-a-dos-negros\/","title":{"rendered":"Jardim de Inf\u00e2ncia de A-dos-Negros"},"content":{"rendered":"<p style=\"text-align: justify;\"><strong><img fetchpriority=\"high\" decoding=\"async\" class=\"alignleft wp-image-7785 size-medium\" src=\"http:\/\/escolasdobidos.com\/website\/wp-content\/uploads\/2016\/09\/a-dos-negros-300x200.jpg\" alt=\"a-dos-negros\" width=\"300\" height=\"200\" srcset=\"https:\/\/escolasdobidos.com\/website\/wp-content\/uploads\/2016\/09\/a-dos-negros-300x200.jpg 300w, https:\/\/escolasdobidos.com\/website\/wp-content\/uploads\/2016\/09\/a-dos-negros-301x200.jpg 301w, https:\/\/escolasdobidos.com\/website\/wp-content\/uploads\/2016\/09\/a-dos-negros-82x55.jpg 82w, https:\/\/escolasdobidos.com\/website\/wp-content\/uploads\/2016\/09\/a-dos-negros-100x67.jpg 100w, https:\/\/escolasdobidos.com\/website\/wp-content\/uploads\/2016\/09\/a-dos-negros-156x104.jpg 156w, https:\/\/escolasdobidos.com\/website\/wp-content\/uploads\/2016\/09\/a-dos-negros.jpg 400w\" sizes=\"(max-width: 300px) 100vw, 300px\" \/>Localiza\u00e7\u00e3o<\/strong> | Junto ao Clube Recreativo e ao edif\u00edcio da antiga Escola do 1\u00ba CEB<br \/>\n<strong>Constru\u00e7\u00e3o<\/strong> | 1982<\/p>\n<p style=\"text-align: justify;\"><strong>Composi\u00e7\u00e3o do Edif\u00edcio<\/strong><br \/>\n<strong>Sala de actividades<\/strong> | 1<br \/>\n<strong>Refeit\u00f3rio<\/strong> | 1<\/p>\n<p style=\"text-align: justify;\"><strong>Espa\u00e7o exterior<\/strong><br \/>\nZona verde com relva<br \/>\nEquipamento l\u00fadico com piso de seguran\u00e7a<br \/>\nCaixa de areia<\/p>\n<p style=\"text-align: justify;\"><strong>Capacidade<\/strong> | 25 crian\u00e7as<\/p>\n<p style=\"text-align: justify;\"><strong>Crescer Melhor<\/strong><\/p>\n<p style=\"text-align: justify;\"><strong>Localiza\u00e7\u00e3o<\/strong> | Antiga Escola do 1\u00ba CEB<\/p>\n<p style=\"text-align: justify;\"><strong>Val\u00eancias<\/strong><br \/>\nServi\u00e7o de refei\u00e7\u00f5es<br \/>\nProlongamento de hor\u00e1rio<\/p>\n<p style=\"text-align: justify;\"><strong>Morada<\/strong><br \/>\nEstrada dos Moinhos<br \/>\n2510-321 A-dos-Negros<\/p>\n<p style=\"text-align: justify;\"><strong>Contactos<\/strong><br \/>\n<strong>Jardim de Inf\u00e2ncia<\/strong> | 262 958 587<br \/>\n<strong>Crescer Melhor<\/strong> | 262 958 977<\/p>\n","protected":false},"excerpt":{"rendered":"<p>Localiza\u00e7\u00e3o | Junto ao Clube Recreativo e ao edif\u00edcio da antiga Escola do 1\u00ba CEB Constru\u00e7\u00e3o | 1982 Composi\u00e7\u00e3o do Edif\u00edcio Sala de actividades | 1 Refeit\u00f3rio | 1 Espa\u00e7o exterior Zona verde com relva Equipamento l\u00fadico com piso de seguran\u00e7a Caixa de areia Capacidade | 25 crian\u00e7as Crescer Melhor Localiza\u00e7\u00e3o | Antiga Escola do&hellip; <br \/> <a class=\"button small blue\" href=\"https:\/\/escolasdobidos.com\/website\/jardins-de-infancia\/jardim-de-infancia-de-a-dos-negros\/\">Read more<\/a><\/p>\n","protected":false},"author":13,"featured_media":0,"parent":7782,"menu_order":0,"comment_status":"closed","ping_status":"closed","template":"","meta":{"footnotes":""},"class_list":["post-7723","page","type-page","status-publish","hentry"],"_links":{"self":[{"href":"https:\/\/escolasdobidos.com\/website\/wp-json\/wp\/v2\/pages\/7723","targetHints":{"allow":["GET"]}}],"collection":[{"href":"https:\/\/escolasdobidos.com\/website\/wp-json\/wp\/v2\/pages"}],"about":[{"href":"https:\/\/escolasdobidos.com\/website\/wp-json\/wp\/v2\/types\/page"}],"author":[{"embeddable":true,"href":"https:\/\/escolasdobidos.com\/website\/wp-json\/wp\/v2\/users\/13"}],"replies":[{"embeddable":true,"href":"https:\/\/escolasdobidos.com\/website\/wp-json\/wp\/v2\/comments?post=7723"}],"version-history":[{"count":0,"href":"https:\/\/escolasdobidos.com\/website\/wp-json\/wp\/v2\/pages\/7723\/revisions"}],"up":[{"embeddable":true,"href":"https:\/\/escolasdobidos.com\/website\/wp-json\/wp\/v2\/pages\/7782"}],"wp:attachment":[{"href":"https:\/\/escolasdobidos.com\/website\/wp-json\/wp\/v2\/media?parent=7723"}],"curies":[{"name":"wp","href":"https:\/\/api.w.org\/{rel}","templated":true}]}}